rue
Suppose 3*q = -2*j - 9 + 123, 0 = 2*j + q - 118. Does 15 divide j?
True
Let k(g) = 37*g**2 + 6*g + 2. Is k(-2) a multiple of 28?
False
Suppose -3*u - s - 4 = 2*u, u = 2*s - 3. Let m(f) = -4*f + 1. Let i be m(u). Suppose -3*z = -15, -i*l + z + 14 = -141. Is 16 a factor of l?
True
Suppose 4*j + 29 = c, 4*c = -2*j - 0*j + 26. Does 2 divide c?
False
Suppose 0 = -3*u + 6*u + 9. Let g = -16 + 22. Let m = u + g. Is 2 a factor of m?
False
Let k(j) = 23*j - 2. Suppose -2*h = 2*h - 8. Does 15 divide k(h)?
False
Let t = -23 - -41. Let w be (-2)/6 - (-6)/t. Suppose -f + 3 = -w. Is 2 a factor of f?
False
Suppose g + o - 12 = 0, -2*g + g + 5*o - 6 = 0. Is 5 a factor of g?
False
Suppose 0*b - 2*b = -16. Suppose j - 4 = b. Is 4 a factor of j?
True
Let a(g) = 4*g**2 - g + 1. Let d be a(1). Let z be 3/6 + (-5)/2. Does 5 divide 4*d + 4/z?
False
Let t(s) be the first derivative of 77*s**2 - s + 4. Let z be t(1). Suppose -3*h = b - 4*b + z, 2*h = -2*b + 102. Is b a multiple of 17?
True
Let y = 10 - 5. Let h be 40/12*6/y. Suppose -h*f + 76 = 2*d, 4*d + 2*f - 177 = -f. Is 22 a factor of d?
False
Let c be (1/(-2))/(3/72). Let m = c - -49. Suppose -3*g - z = -97, g + 5*z - m = -0*z. Is 16 a factor of g?
True
Let j be (41/(-4))/((-6)/24). Let h = 9 + j. Suppose 0 = 3*f + 2*f - h. Is 4 a factor of f?
False
Suppose -z + 17 = -8. Is 5 a factor of z?
True
Let a = 39 - 21. Is a a multiple of 3?
True
Suppose 0 = -2*o + 15 + 3. Let d = o - 3. Is 3 a factor of d?
True
Suppose -44 = 22*j - 26*j. Is 3 a factor of j?
False
Suppose 2*o - 5*v - 60 = 0, 28 = o - v - 2*v. Is o a multiple of 10?
True
Let t = 21 - 16. Suppose -3*d - 2*g + 103 = 0, d - g + t*g = 21. Is 21 a factor of d?
False
Let r(j) = -j**3 + 5*j**2 + 2*j - 2. Does 4 divide r(5)?
True
Let r = -5 - -10. Suppose -3*k + 62 = r*d, -5*d - 1 = -k + 13. Does 8 divide k?
False
Suppose -4*b - 6 = -c - 2*c, 2 = c + 4*b. Is 2 a factor of c?
True
Suppose 319 = 4*b + 7*b. Does 7 divide b?
False
Does 11 divide (-51)/((90/24)/(-5))?
False
Suppose -2*x - 5*w = -0*x - 179, -x + w + 107 = 0. Is x a multiple of 34?
True
Suppose 8*y - 13*y = -240. Let u be 10*(0 - y/(-15)). Let d = u + -17. Does 15 divide d?
True
Suppose 3*r + r - 4 = 0. Let p(q) be the second derivative of 4*q**3/3 + q**2/2 - q. Is 6 a factor of p(r)?
False
Let k(z) = -z**2 + 6*z. Is 4 a factor of k(2)?
True
Suppose 12 = -3*m, -5*f + 217 = -0*m + 2*m. Does 15 divide f?
True
Let b(a) = 5*a + 2. Let q(p) = -p**3 + 8*p**2 - p + 2. Let n be q(8). Let v be -12*(n/(-9) + -1). Is 10 a factor of b(v)?
False
Is (-1 + 52)*1 + 0 a multiple of 7?
False
Let o(d) = d**3 + 8*d**2 - d - 6. Let p be o(-6). Suppose -4*w + 492 = p. Does 30 divide w?
False
Let a(l) = -29*l**3 - l**2 - 2*l - 1. Let p be a(-1). Let w = p - 8. Is 17 a factor of (-6)/w - 121/(-7)?
True
Let o be 12 + 1*-3 + 1. Suppose o*q = 5*q - 30. Is 10 a factor of q/(-9)*5*3?
True
Suppose -2*q = -3*a - 131, -4*q = a + 5 + 20. Let t = a + 69. Suppose 5*b - 12 - t = 0. Is b a multiple of 6?
False
Suppose -a + 64 = k - 0*a, -2*k = 4*a - 136. Suppose 5*t + 111 = z + 3*z, -2*z + 4*t = -k. Does 12 divide z?
True
Suppose -2 + 1 = d. Is d - (-2 - -3) - -98 a multiple of 32?
True
Let t(x) = -3*x**2 - 2*x - 1. Let f be t(-4). Is f/(-3) - (-3)/9 a multiple of 14?
True
Let o = 3 + 11. Is o a multiple of 4?
False
Suppose 5*p + 40 + 0 = -5*c, 2*c + 20 = -4*p. Let j = 9 + c. Is 3 a factor of j?
True
Let c(g) = -g**2 + 5*g + 5. Let t be c(5). Let y = -1 + t. Suppose -3*o - y*m = -4 - 9, -o - 2 = -5*m. Is 3 a factor of o?
True
Suppose 0 = -3*m + 4*n + 6, 0 = -3*m + 2*n + 13 - 1. Is (-3)/(-9) + 178/m a multiple of 15?
True
Suppose 0 = -f - 0*f + 1. Let t = f + 4. Is t a multiple of 5?
True
Is 23 a factor of 1449/7 - (1 - 1)/3?
True
Let g = -132 + 222. Is 15 a factor of g?
True
Suppose 2*c - 6*i = -2*i + 140, 0 = -2*c - i + 160. Is c a multiple of 5?
False
Does 9 divide -1 + 0 - -28 - 0?
True
Suppose j = 24 + 8. Does 9 divide j?
False
Let l(q) be the second derivative of 7/12*q**4 + 0*q**3 - 2*q - 1/20*q**5 + 0 + 7/2*q**2. Is 4 a factor of l(7)?
False
Let n(f) be the third derivative of f**6/120 - 5*f**4/12 + 4*f**3/3 + f**2. Let y be n(6). Is (-4)/(-14) - y/(-14) a multiple of 12?
True
Does 19 divide (-116)/(-6) + -5 + (-84)/(-18)?
True
Let o = -45 - -31. Let n = o + 28. Is n a multiple of 7?
True
Suppose 4*u - 810 = -4*z + 338, 2*u - 3*z = 549. Suppose 4*p = 2*g + 140, 5*p = -2*g + u - 98. Let v = -25 + p. Does 11 divide v?
True
Suppose 0 = -2*t + r - 0*r + 7, r = 4*t - 11. Suppose 0 = t*x - 4*x + 40. Is 10 a factor of x?
True
Suppose -4*u + 10 + 6 = 0. Let d(b) = 12*b - 6. Is 13 a factor of d(u)?
False
Let f = -26 + 122. Is 9 a factor of f?
False
Suppose 4*r = 8*r - 180. Let g = 84 - r. Is 14 a factor of g?
False
Let j(v) = v**3 - v**2 - v - 3. Is j(3) a multiple of 2?
True
Let u be 2/(-11) + (-315)/(-99). Suppose -u*a - 2*a = 0. Suppose a = 2*s - 16 - 2. Is s a multiple of 9?
True
Let h = 9 - 6. Suppose 4*l - h*u = 185, -2*u = 3 + 3. Does 22 divide l?
True
Let w(h) = -2*h**3 - 31*h**2 - 19*h + 13. Is w(-15) a multiple of 4?
False
Is (-5 + 0)*348/(-15) a multiple of 29?
True
Let k(o) = -o + 15. Let f be (-4 - 1)/((-2)/6). Suppose f - 1 = 2*w. Is 8 a factor of k(w)?
True
Let c = -2 + 0. Let i = 18 - c. Is (i/15)/((-2)/(-15)) a multiple of 6?
False
Let m(u) = -u**3 - 12*u**2 + 18*u. Let f be m(-13). Let v = f - -93. Is 18 a factor of v?
False
Suppose -4*r + 56 = -3*r - 2*a, 3*r + 3*a = 132. Does 16 divide r?
True
Let k(u) = u**2 + 6*u + 1. Let q be k(-6). Is q*(0 - 34/(-2)) a multiple of 8?
False
Suppose 0 = 2*v + 10 + 4. Let p = 5 - v. Let x = p + -6. Is 6 a factor of x?
True
Let g be 8/(-5)*(-25)/10. Suppose g*h - 144 = h. Is 16 a factor of h?
True
Let l(k) = -k**3 + k**2 + 42. Let p(x) = x**2 - 4*x - 5. Let q be p(5). Is 13 a factor of l(q)?
False
Let m = -6 - -10. Suppose 29 = 5*w + m. Suppose 100 = 4*h + w*t, 0 = -2*h + 2*t + 36 + 14. Is 7 a factor of h?
False
Let h = 1 - 5. Is 12 a factor of (-58 + h)*2/(-4)?
False
Suppose -5*c + 6*c = 27. Is 9 a factor of c?
True
Let o = -44 + 23. Let r = o - -35. Is r a multiple of 14?
True
Let p = 26 - 12. Suppose g - p = 46. Does 15 divide g?
True
Let a(o) = -7*o**3 + 11*o + 1. Let w(f) = 6*f**3 + f**2 - 10*f - 2. Let y(v) = 5*a(v) + 6*w(v). Let m be y(-6). Let d = 4 + m. Is d a multiple of 7?
False
Let n(m) = 4*m**2 - 9 + 0*m**2 - 2*m**2 - 9*m. Suppose -a = 3*p - 7*p + 25, p - 13 = -2*a. Does 12 divide n(p)?
False
Suppose -2*m = 5*t - 0*m - 194, -5*t + 188 = 4*m. Suppose -4*g + 2*g = -t. Is g a multiple of 10?
True
Let x(s) = 2*s - 3. Let c be x(3). Is 5 a factor of 9*((-4)/3 + c)?
True
Let n be (0 + 0)/(-1 - 0). Suppose n*q - 88 = 2*q. Let o = 1 - q. Is o a multiple of 12?
False
Suppose 16 = -2*u + 4. Let w = 10 + u. Does 4 divide w?
True
Suppose -2*g + 88 = 2*k - 2, 2*k - 138 = -3*g. Does 7 divide g/9*6/4?
False
Suppose -q + 3*w = -77, -25 = -q + 5*w + 60. Is 2 a factor of q?
False
Let w = -8 + -92. Let v = w + 71. Let n = v - -45. Does 8 divide n?
True
Let d(z) = -6*z - 2. Suppose 0 = -b + 3 - 1. Suppose -2*a + 19 = -3*t, -t - 9 = -0*a + b*a. Is d(t) a multiple of 13?
False
Let j be 12/21*14/4. Suppose 38 - 2 = -j*r. Is 2 a factor of r/(-3) + -1 + -1?
True
Suppose -101 + 557 = 3*y. Is y a multiple of 17?
False
Let t be 6/15 - 218/(-5). Suppose -2*h + 20 = -t. Is h a multiple of 15?
False
Let l(r) = 1. Let z(w) = w + 2. Let d(v) = -10*l(v) + 6*z(v). Let x be d(5). Let c = -17 + x. Does 15 divide c?
True
Let c(l) = -l**3 + 18*l**2 - 24*l + 26. Is 14 a factor of c(16)?
True
Let g(x) = -3*x**3 + 2*x**2 - 2*x - 1. Suppose 9*h - 5*h + 8 = 0. Does 10 divide g(h)?
False
Let b be (3 - 6)/3 - -2. Is 15 a factor of 48*b - (0 + 3)?
True
Let h(r) = -263*r**3 + 8*r**2 + 11*r + 8. Let d(p) = 88*p**3 - 3*p**2 - 4*p - 3. Let k(c) = -8*d(c) - 3*h(c). Does 24 divide k(1)?
False
Suppose -4*h - 18 = -4*t + 18, 2*t + 4*h = 0. Is t a multiple of 6?
True
Let x be (-2)/(-4) + 19/2. Suppose 4*w - 3*l = -6, -5*w + 0*w + 8 = 4*l. Suppose -z = -w*z - x. Is 5 a factor of z?
True
Suppose 14*s - 1502 - 556 = 0. Is s a multiple of 31?
False
Suppose 0 = -5*r + 34 + 96. Is r a multiple of 9?
False
Let s(x) = -x + 4. Let c(z) = -z**3 + 6*z**2. Let n be c(6). Let j be s(n). Suppose 0 = 3*b + 5*y - 18, 0 = -b - 0*b - 5*y -